hat is k(11)?
0
Let p(x) = -x**3 + x**2 + 8*x - 4. Give p(3).
2
Let b(o) = 2*o**2 + 73*o + 213. Calculate b(-3).
12
Let p(z) = z**2 + 10*z + 20. Give p(-5).
-5
Let g(r) = 12*r**3 - 6*r - 17. Give g(-2).
-101
Let h(b) = -b**3 + 9*b**2 - 13*b + 46. Calculate h(8).
6
Let k(n) = 15*n - 1. Determine k(-1).
-16
Let c(h) = -h - 32. Calculate c(-17).
-15
Let t(a) = -2*a + 1. What is t(-2)?
5
Let a(y) = -y**3 + 13*y**2 - 21*y - 13. What is a(11)?
-2
Let i(p) = p**3 - 5*p**2 - 6*p - 12. Determine i(6).
-12
Let w(s) = s**2 - 13*s + 5. Calculate w(11).
-17
Let g(a) = -a**2 + 12*a + 2. Give g(11).
13
Let u(d) = d**2 - 8*d - 11. What is u(-4)?
37
Let u(r) = -13*r - 86. Calculate u(-7).
5
Let s(b) = b**2 + 14*b + 15. Give s(-13).
2
Let l(r) = -2*r**2 - 31*r + 372. Determine l(8).
-4
Let b(g) = 4*g + 7. Calculate b(-4).
-9
Let g(a) = -2*a - 43. Calculate g(-13).
-17
Let h(f) = -f**3 + 22*f**2 + 23*f + 20. Calculate h(23).
20
Let v(w) = w + 10. Determine v(-6).
4
Let o(g) = -6*g + 74. Calculate o(18).
-34
Let n(k) = -6*k - 10. Give n(-5).
20
Let b(z) = z**3 + 10*z**2 + 14*z - 35. Calculate b(-7).
14
Let h(x) = -x**3 - 15*x**2 - 29*x - 31. Calculate h(-13).
8
Let d(r) = r**3 + 24*r**2 - 4*r - 96. Calculate d(-24).
0
Let o(i) = 2*i**2 + 1. Calculate o(2).
9
Let z(t) = t**2 + 47*t + 529. Calculate z(-19).
-3
Let i(y) = -y - 1. Give i(9).
-10
Let u(g) = g**2 - 1. Give u(4).
15
Let v(i) = -i**2 - 14*i - 51. What is v(-12)?
-27
Let w(q) = q**2 + 9*q - 9. Calculate w(-9).
-9
Let r(q) = -18*q + 390. Determine r(22).
-6
Let v(a) = -5*a + 59. Determine v(11).
4
Let k(t) = -t**2 - 19*t - 20. Determine k(-14).
50
Let p(z) = 4*z**2 + 7*z + 6. Give p(-1).
3
Let n(f) = -f**3 - 18*f**2 - 30*f + 43. Determine n(-16).
11
Let i(x) = -x**3 - 10*x**2 - 3*x - 12. Give i(-10).
18
Let y(c) = c**3 + 2*c**2 - 15*c. Give y(-5).
0
Let o(s) = s + 2. Determine o(-9).
-7
Let v(a) = -9*a - 1. Give v(-3).
26
Let r(i) = i**2 - 9*i - 27. Determine r(8).
-35
Let m(c) = -2*c**2 - 34*c - 36. Give m(-16).
-4
Let g(j) = j**3 - 21*j**2 - 26*j + 68. Determine g(22).
-20
Let f(u) = 4*u**2 + u - 8. Give f(2).
10
Let o(d) = d**2 + 13*d + 19. Determine o(-11).
-3
Let v(j) = 2*j**2 + 32*j + 89. Determine v(-13).
11
Let t(r) = 8*r**3 - 6*r**2 + 4*r - 4. What is t(2)?
44
Let k(p) = -84*p - 418. Give k(-5).
2
Let m(k) = 2*k**2 + 35*k - 19. What is m(-18)?
-1
Let q(u) = u**2 + 17*u - 81. What is q(-21)?
3
Let q(r) = 51*r - 2904. Determine q(57).
3
Let c(v) = 2*v + 4. Determine c(-7).
-10
Let z(j) = -67*j + 1. Determine z(1).
-66
Let a(d) = -d**3 - d**2 - d - 17. Give a(0).
-17
Let y(p) = p**3 - 6*p**2 + p + 24. Calculate y(5).
4
Let l(v) = -v**2 - 5*v + 96. Give l(7).
12
Let s(c) = -4*c**2 - 46*c - 21. Determine s(-11).
1
Let t(j) = -9*j + 16. What is t(7)?
-47
Let n(x) = -23*x**2 - 3*x + 3. Calculate n(1).
-23
Let n(x) = 21*x**2 + 1. Calculate n(-1).
22
Let g(a) = 13*a**2 + 8*a. Determine g(-3).
93
Let y(u) = u**2 + 3*u - 21. Give y(6).
33
Let y(t) = 3*t**3 - t**2 - 2*t + 3. What is y(1)?
3
Let a(y) = -y + 6. Give a(-7).
13
Let v(t) = -2*t - 30. Give v(-14).
-2
Let i(x) = x**2 - 3*x - 24. Calculate i(7).
4
Let h(v) = -3*v**3 - 9*v**2 + 2*v + 4. Calculate h(-3).
-2
Let q(y) = -7*y - 8. Calculate q(0).
-8
Let l(n) = -2*n - 34. Calculate l(-16).
-2
Let n(g) = 14*g**2 + 7*g + 4. Calculate n(-1).
11
Let i(p) = p**2 - 10*p - 20. What is i(14)?
36
Let v(l) = -2*l**3 - 19*l**2 + 11*l + 6. Determine v(-10).
-4
Let h(v) = -v - 3. Determine h(-7).
4
Let r(o) = o**2 + 10*o - 1. Calculate r(-11).
10
Let k(a) = -a**2 - 12*a - 13. Calculate k(-5).
22
Let p(c) = c**2 - 8*c + 10. Give p(2).
-2
Let a(u) = 6*u + 46. Give a(-7).
4
Let g(q) = -3*q - 61. Give g(-17).
-10
Let o(m) = 2*m**2 + 3*m - 3. Calculate o(4).
41
Let c(h) = 4*h - 20. Calculate c(6).
4
Let j(f) = -f**2 - 5*f - 38. Calculate j(-7).
-52
Let p(z) = -2*z**2 - 41*z - 107. Give p(-3).
-2
Let l(q) = 3*q + 18. Determine l(29).
105
Let t(d) = 3*d**2 - 43*d + 113. Calculate t(3).
11
Let u(w) = w**3 - 2*w**2 - 8*w + 16. Determine u(4).
16
Let a(f) = -2*f - 6. Give a(-4).
2
Let j(n) = -5*n. Determine j(-3).
15
Let a(y) = -y + 7. Determine a(11).
-4
Let j(c) = -2*c**2 - 12*c + 13. What is j(-7)?
-1
Let w(k) = 2*k**3 - 44*k**2 + 41*k + 24. Determine w(21).
3
Let z(x) = x**2 + x. Calculate z(0).
0
Let u(g) = -g**2 + 8*g - 2. What is u(7)?
5
Let u(h) = -h**3 + 14*h**2 + 19*h - 33. What is u(15)?
27
Let x(w) = 8*w + 36. Calculate x(-5).
-4
Let y(c) = c**2 - 8*c. Calculate y(6).
-12
Let o(x) = 2*x + 6. Determine o(7).
20
Let c(u) = -2*u + 7. Calculate c(-6).
19
Let k(y) = y**2 - 5. Give k(2).
-1
Let j(q) = q**3 - 5*q**2 + 17*q - 30. Calculate j(3).
3
Let d(u) = -3*u**2 + 3*u + 21. What is d(5)?
-39
Let w(g) = g**2 + 39*g + 297. Determine w(-28).
-11
Let i(s) = -2*s**3 - 6*s**2 - 2*s + 7. Calculate i(-4).
47
Let q(n) = -n**3 + 10*n**2 + 28*n - 14. Calculate q(12).
34
Let g(j) = 26*j - 367. Give g(14).
-3
Let z(m) = m**3 - 10*m**2 - 3. Determine z(10).
-3
Let v(l) = l**2 + 4*l - 95. Determine v(-12).
1
Let q(n) = n**2 + 7*n + 6. Give q(-8).
14
Let r(f) = 2*f + 4. What is r(-5)?
-6
Let o(k) = -5*k**2 - 2*k + 1. Determine o(1).
-6
Let j(l) = -4*l - 4. Determine j(-4).
12
Let o(s) = s**3 - 8*s**2 - 10*s - 10. Give o(9).
-19
Let q(h) = -3*h - 9. What is q(0)?
-9
Let p(k) = -9*k - 4. Give p(-3).
23
Let m(c) = 2*c**3 - 21*c**2 - 35*c - 13. What is m(12)?
-1
Let s(p) = -2*p**2 + 23*p - 9. Calculate s(12).
-21
Let c(r) = r**3 + 4*r**2 - 13*r - 7. Calculate c(-7).
-63
Let c(w) = 134*w + 262. Determine c(-2).
-6
Let q(g) = -2*g**3 - 11*g**2 + 3*g - 4. What is q(-6)?
14
Let x(f) = -f**2 - 4*f + 2. Calculate x(-10).
-58
Let l(p) = -p**2 - 13*p - 9. Give l(-11).
13
Let q(s) = s**3 + 7*s**2 + 5*s + 3. What is q(-4)?
31
Let p(t) = 3*t + 16. Determine p(-12).
-20
Let o(j) = -2*j**2 + 1. What is o(1)?
-1
Let d(a) = 2*a + 27. What is d(-11)?
5
Let g(d) = -14*d + 80. Determine g(6).
-4
Let h(x) = 2*x**3 + 13*x**2 - 8*x + 11. Calculate h(-7).
18
Let f(a) = -27*a + 86. What is f(3)?
5
Let k(f) = 8*f + 7. Give k(-3).
-17
Let o(p) = p**2 + 5*p - 43. Determine o(-11).
23
Let v(s) = s + 21. What is v(-15)?
6
Let s(t) = t**3 - 3*t**2 - 32*t - 20. What is s(-4)?
-4
Let i(j) = -3*j**2 + 10*j - 2. Give i(5).
-27
Let w(k) = -6*k**2 - 108*k. Determine w(-18).
0
Let w(g) = -g**2 - 28*g + 30. Determine w(-29).
1
Let n(i) = -32*i - 2. Calculate n(1).
-34
Let x(a) = a**3 - 9*a**2 + 16*a - 24. Determine x(8).
40
Let k(q) = 4*q**2 + 15*q + 7. Give k(-4).
11
Let w(d) = -d**2 - 43*d - 25. Calculate w(-43).
-25
Let h(p) = -p**2 - 9*p - 11. Determine h(-5).
9
Let h(g) = -g**3 - g**2 + 27*g + 11. Calculate h(5).
-4
Let p(g) = -g**2 + 11*g. Determine p(7).
28
Let u(k) = -3*k**2 + 2*k + 4. What is u(6)?
-92
Let f(s) = s**3 + s - 7. Calculate f(0).
-7
Let y(o) = 30*o - 8. Calculate y(4).
112
Let c(o) = -o**3 - 15*o**2 + 36*o + 32. What is c(-17)?
-2
Let w(h) = -3*h**2 - 11*h - 6. Calculate w(-5).
-26
Let r(k) = 2*k**2 + 22*k - 34. What is r(-11)?
-34
Let z(o) = -18*o + 344. Determine z(19).
2
Let v(r) = -12*r + 6. Calculate v(5).
-54
Let f(y) = -142*y - 717. Determine f(-5).
-7
Let i(f) = -f + 15. Determine i(10).
5
Let g(v) = -v**3 + 8*v**2 - 11*v + 22. What is g(7)?
-6
Let w(q) = -q**3 - 13*q**2 - 12*q + 1. Give w(-12).
1
Let m(j) = j**3 - 5*j**2 - 7*j + 9. Give m(6).
3
Let a(r) = -r**3 - 5*r**2 - 11*r + 4. What is a(-3)?
19
Let d(f) = 5*f - 104. Determine d(19).
-9
Let p(h) = -106*h + 1. Determine p(-1).
107
Let m(h) = -h**3 + 8*h**2 - 5*h + 10. Give m(4).
54
Let x(m) = -m**3 + 3*m**2 + 7*m - 2. Calculate x(5).
-17
Let g(m) = 5*m + 97. What is g(-21)?
-8
Let f(j) = j**2 + 20*j + 106. Calculate f(-11).
7
Let p(r) = 2*r**2 - 14*r - 88. Calculate p(-4).
0
Let m(z) = -z + 2. What is m(-2)?
4
Let y(b) = 4*b - 14. Determine y(6).
10
Let x(c) = -c**3 - 11*c**2 - 12*c - 2. What is x(-10)?
18
Let j(l) = -l**3 + 4*l**2 + 7*l - 8. Determine j(5).
2
Let l(b) = b**2 + 13*b - 2. Give l(-14).
12
Let a(b) = b + 31. Give a(-21).
10
Let q(x) = x**2 + x - 17. Calculate q(-5).
3
Let h(m) = 3*m**3 - m**2 - 7*m + 6. Calculate h(3).
57
Let i(d) = 50*d + 404. Determine i(-8).
4
Let i(n) = n**3 + 4*n**2 + 2*n - 5. Calculate i(-5).
-40
Let h(l) = l**3 + 4*l**2 - l. Calculate h(-4).
4
Let f(a) = -a**3 + 2*a**2 - 2*a - 1. Determine f(5).
-86
L